ative of -3*z**2/2 - 28*z + 1610. Determine y(18).
-82
Let v(j) = -21*j**2 + 3*j + 2. Let n be ((-3)/9)/(-3 + 24/9). Let d(q) = -q**2 + q + 1. Let a(r) = n*v(r) - 3*d(r). What is a(-1)?
-19
Let k(d) = 16*d**2 + 4*d - 5*d + 152 - 9*d**3 + 10*d**3 - 154. What is k(-16)?
14
Let z(h) be the second derivative of -h**3/6 - h**2/2 + 2*h. Let o(c) = -1. Let d(v) = 5*o(v) - z(v). Suppose -9*u - 7916 = -7943. Calculate d(u).
-1
Let n(p) = -12*p**3 + 36*p**2 + 43*p - 8. Let b(x) = 14 + 11 - 12 + 17*x**3 - 54*x**2 - 17*x - 47*x. Let l(o) = 5*b(o) + 7*n(o). What is l(19)?
9
Let w(g) = -267*g**2 - 10*g + 11. Let y be w(1). Let c = 261 + y. Let o(d) = d + 9. Determine o(c).
4
Let r(y) = 3*y - 1. Let z(p) be the second derivative of p**3/3 + 15*p**2/2 - 6*p. Let q(t) = -t**3 + 9*t**2 - 9. Let l be q(9). Let i be z(l). What is r(i)?
-10
Let v(n) be the first derivative of -59*n**2 + 8 - 12 - 25 + 61*n**2. Calculate v(6).
24
Let y(z) = -4*z - 55 + 56 - 36. Give y(-13).
17
Suppose 2*t - 4*u = 18, 11*u = -4*t + 15*u + 24. Let b(s) = 24 - 3*s + 20 - s**t - 43 - 2*s**2. What is b(-4)?
45
Let y be 48/(-6) - (-3)/12*0. Let c(u) = -u**2 - 5*u - 16. Let i(x) = -x**2 - 4*x - 18. Let p(j) = -4*c(j) + 3*i(j). Calculate p(y).
10
Let i(z) = 20*z + 187. Let s(m) = 18*m + 163. Let u(n) = 7*i(n) - 8*s(n). What is u(3)?
-7
Let a(h) = h**2 + 5*h. Let g be a(-6). Let q(m) be the first derivative of -7*m + 2*m**3 - 156 + 1/2*m**2 - 1/4*m**4. Calculate q(g).
-1
Let p(a) = 46*a - 500. Let x be p(11). Let s(i) = 5*i - 21. What is s(x)?
9
Suppose z - 3*f - 19 = 0, -2*f + 30 = 5*z - 4*f. Let s(m) = -6*m**2 + 10 - 5*m**2 + 12*m**2 + 7*m - z. Give s(-5).
-4
Suppose -129*q + 102*q + 297 = 0. Let s(u) = -u**3 + 9*u**2 + 24*u - 14. What is s(q)?
8
Let r(c) = -9. Let n(d) = 113 - 34 + 3*d - 28 - 41. Let g(i) = 2*n(i) + 3*r(i). Give g(5).
23
Let p be (-380)/(-665) - 3713/(-7). Let v = 539 - p. Let w(u) = -u + 14. Give w(v).
6
Suppose -14 = f - 4*a, -3*f - 26*a + 21*a + 26 = 0. Let b(v) = -10*v**2 - v - 3. Give b(f).
-45
Let h(d) = 5*d - 3. Let a(z) = -23469*z + 46942*z + 3*z**2 - 23472*z. Suppose -o - 3*m = -5*o - 16, 5*o = -5*m + 15. Let g be a(o). What is h(g)?
7
Let r(g) = 2*g + 4. Let d(b) = -2*b - 1. Suppose -5 = 80*z - 75*z. Let p(q) = z*r(q) - 3*d(q). Suppose 32 = 8*k - 16. Determine p(k).
23
Let l(i) be the first derivative of -13*i**3/3 - 8*i**2 - i + 11640. Give l(-1).
2
Let w(p) be the first derivative of -7*p**2/2 + p + 7. Let g(o) = 8*o - 13. Let x be g(5). Suppose -x*a = -21*a - 6. Determine w(a).
-6
Suppose 0 = 5*b - 2*b + 3, 2*r = 2*b + 210. Let q = r + -74. Let j be -3 + 78/q + (-44)/(-10). Let n(x) = -x**3 + 3*x**2 - 3. Determine n(j).
-19
Let x(i) = -4*i**3 + i**2 - i + 4. Suppose 0 = 4*b + 12*a - 6*a + 18, -5*b + 15 = -5*a. Give x(b).
4
Suppose 6 = 3*y - 3*w, 4*y + w + 4*w = 26. Let b(j) = 96*j - 4. Let x(l) = 335*l - 13. Let f(a) = 14*b(a) - 4*x(a). Determine f(y).
12
Suppose 5*r = 5*g + 10, 5*r - 4 = 4*g + 2. Let a = g + 3. Let b(y) = 2*y + 2 + 3*y - 7*y + 3*y**3 - 2 - 1. Calculate b(a).
-2
Let l(u) be the second derivative of -u**5/20 + 13*u**4/12 - 5*u**3/3 + 2*u**2 + u - 633. Determine l(12).
28
Let s(p) = 252*p**3 - 5*p**2 - 13. Let y(t) = 187*t**3 - 4*t**2 - 10. Let f(g) = -7*s(g) + 9*y(g). Give f(1).
-81
Let l(s) = 41*s**3 - 39*s - 4*s**2 + 9 + 53*s - 19*s**3. Let j(q) = -11*q**3 + 2*q**2 - 6*q - 4. Let z(d) = 7*j(d) + 3*l(d). Calculate z(1).
-10
Suppose 12 = 4*w, 56 = -0*v + 4*v + 4*w. Let x(c) = 5*c**2 + 17*c + 7. Let k(p) = 4*p**2 + 16*p + 7. Let s(r) = 6*k(r) - 5*x(r). What is s(v)?
7
Suppose 0 = 4*l + 3*o + 2 - 25, 5*l + o = 15. Suppose -l*x - 5*i = 6, -4 = -x - i - 10. Let z(f) = f**2 + 8*f + 3. What is z(x)?
3
Let k = -178 - -183. Let p be 4 - (12/(-10))/(k/(-25)). Let j(b) = -1. Let x(s) = s**3 + 2*s**2 - 2*s - 7. Let r(o) = -5*j(o) + x(o). Give r(p).
2
Let x(v) = 2*v + 3. Let u be (-2 - 32/(-4)) + 533. Suppose -u*y + 10 = -540*y. Determine x(y).
-17
Let z(q) = -16*q**2 + 3*q + 12. Let m(u) = 21*u**2 - 5*u - 17. Let b(l) = 5*m(l) + 7*z(l). What is b(-4)?
-97
Let s(n) = 35*n - 1 - 62*n - 2*n**2 + 25*n. Suppose 11 = -2*c + 27. Let x = -10 + c. Determine s(x).
-5
Let t(q) = -817*q - 17. Let u(k) = -1497*k - 35. Let s(l) = -11*t(l) + 6*u(l). Calculate s(5).
2
Let l(g) be the first derivative of g**4/4 - 4*g**3/3 - 2*g**2 - 2*g - 693. Calculate l(-2).
-18
Let i = 158 + -152. Let s(v) = -11*v - 1 + 15*v + 2. Let n(p) = 5*p. Let y(j) = -5*n(j) + 6*s(j). What is y(i)?
0
Let t be 105/180*-57 - (-3)/(-4). Let k(b) = 2*b**3 + 69*b**2 + 34*b - 5. What is k(t)?
-5
Suppose 210*j - 208*j - 14 = 0. Suppose j*a + 15 = -13. Let k(s) = -2*s - 4. What is k(a)?
4
Let l(a) = 2*a + 4. Let u be 1*74/16 - 135/(-360). Suppose 4*o + u*k = 17, 3*o - k - 2*k = 6. Suppose 0 = -2*j - 5*b - 15, -j + 3*j + b + o = 0. Calculate l(j).
4
Let m(v) = 36*v**2 + 17*v**2 - 80*v**2 + 16*v**2 + 18*v**2 - v + 2 + v**3. Determine m(-7).
9
Suppose 0 = -2*r, 0 = 5*z + 5*r - 10*r + 30. Let k(y) = -y - 1. Let s(m) = -m - 1. Let o(b) = z*k(b) + 5*s(b). Let q = 212 - 215. Give o(q).
-2
Let i(u) = u**2 + u + 3. Let t be i(0). Let m(g) be the first derivative of -g**3/3 + g - 6902. Calculate m(t).
-8
Let p(g) = 2*g**3 + 2*g**2 - 8. Let d(q) = q**3 + q**2 + 4*q - 4. Let h(s) = -s. Let c(j) = d(j) + 4*h(j). Let k(n) = -5*c(n) + 3*p(n). Give k(0).
-4
Let i(f) = -54*f**2 + 16*f + 151*f**2 - 116 - 48*f**2 - 47*f**2 + 106. What is i(-9)?
8
Let z be 8 - ((-665)/(-25) - 15/25). Let t(v) = 8*v + 133. Calculate t(z).
-11
Let z(p) = -3 + 36657*p - 18*p**3 + 2 - 73303*p + 36650*p - 3*p**2. What is z(1)?
-18
Let l(t) = t**3 + 12*t**2 + 26*t - 11. Let d(a) = -6*a - 50. Let c be d(-7). Calculate l(c).
37
Suppose 30*a + 8 = 34*a. Let d(c) = a - 3*c**2 + c**2 - 3. What is d(1)?
-3
Let o(p) = -23*p**2 + 9*p - 6. Let x(r) = -8*r**2 + 3*r - 2. Let y(t) = -6*o(t) + 17*x(t). Let v = 6934 - 6932. Calculate y(v).
4
Suppose 4*k = -3*c + 9 - 7, -4*k - 4 = 0. Let x(y) = -24*y - 2. Give x(c).
-50
Let y(x) = -6*x - 3. Suppose -136*g - o - 48 = -141*g, 32 = 4*g - 4*o. Calculate y(g).
-63
Let d(j) = j**3. Let v be -2*15/(-4)*12/18. Suppose 10*s + 270 = v*s. Let a = 55 + s. What is d(a)?
1
Let r(b) be the first derivative of -4*b**2 + 89 + 0*b + 10*b**2 - 8*b**2 + b. What is r(2)?
-7
Let y(x) = 4*x - 144. Let a = -129 + 165. Let g be y(a). Let h(p) = -p - 18. Give h(g).
-18
Let l(i) = 31*i**2 - 4*i - 1. Suppose 4 + 20 = -29*j - 5. What is l(j)?
34
Let v(n) = n**2 - 7*n - 4. Let t be v(8). Let b(a) = 34*a**2 - 12*a - 1. Let d(x) = 39*x**2 - 14*x - 1. Let c(z) = 8*b(z) - 7*d(z). Calculate c(t).
-9
Let w(g) = -2 + 3 - 27*g - 22 + 20. Give w(-3).
80
Let h(r) = 2*r**3 + 32*r**2 + 17*r - 19. Let p(i) = 2*i**2 + 9 - 10*i**2 - 8*i - 4*i**3 + 3*i**3 - 9*i**2. Let j(m) = -3*h(m) - 5*p(m). Determine j(-10).
22
Let s(d) = d + 1. Let b(x) = -2*x. Let f(h) = -3*h + 12. Let q be f(3). Let v(i) = q*s(i) + b(i). Let n(k) = 4*k + 28. Let u be n(-6). Calculate v(u).
7
Let c(s) = -46*s + 3. Let r(v) = -12*v - 1. Let t(j) = -c(j) + 4*r(j). What is t(8)?
-23
Let l = -10 + 3. Let i(v) = -v - 11. Let o(a) = -a + 1. Let u(d) = -i(d) - 6*o(d). Let h(s) = -20*s - 14. Let r(p) = 6*h(p) + 17*u(p). Determine r(l).
8
Let y be (-87)/261 + 68/6. Let j(p) = y*p + 7*p + 16*p**2 + 3*p - 6*p - 17*p**2 - 3. Give j(12).
33
Suppose -5*g + 8 = -42. Suppose -7*o - 9 = -g*o. Let n(d) = 0*d + 3 + d - o*d. Calculate n(3).
-3
Let v(l) = -l**2 - 14*l. Let c be v(-13). Let k(f) = 3 - c*f + 18*f - 2. Give k(-1).
-4
Let k(z) be the second derivative of -z**6/120 + z**5/6 + z**4/24 - 2*z**3/3 + 79*z**2/2 - 25*z. Let q(y) be the first derivative of k(y). What is q(10)?
6
Let u(c) = -c**3 - 8*c**2 + 11*c + 12. Let k = -3462 - -3453. What is u(k)?
-6
Let r be (-18)/(-27)*6/4. Let j(f) be the second derivative of 7*f**3/6 + f**2/2 - 1006*f. Calculate j(r).
8
Let p = -3586 - -3585. Let n(d) = -28*d**2 + d + 2. What is n(p)?
-27
Suppose -279*s - 12 = -275*s. Let h(p) = -4*p**3 - 3*p - 1 + 3 + 3*p**3 - 4*p**2. Give h(s).
2
Let k(b) = 4*b - 2. Let s(x) be the third derivative of x**4/24 + x**2 + 13. Let m(a) = -k(a) + 3*s(a). What is m(6)?
-4
Let p(r) = -12*r - 203. Let m(j) = 16*j**3 - 3*j**2 + 56*j + 57. Let y be m(-1). Give p(y).
13
Let i(n) = -2*n**3 + n**2 - n + 7. Let g(d) = -3*d**3 + 5*